 What is the units digit of (-5)/(-10) - m/(-2)?
0
Let u be 2/(-9) - 40/(-18). What is the tens digit of (8/(-24))/(u/(-66))?
1
Suppose 0*z + 30 = 2*z. Let x = z + -12. What is the units digit of x?
3
Suppose 3*b - 19 - 2 = 0. Suppose n - 3 = -2*s + b, 18 = n + 4*s. Let f = n + 3. What is the units digit of f?
5
Let h = -7 - -7. Suppose -4*x + 4*a + 104 = h, a = 3*x + 5*a - 43. Suppose -3*q = -0*q - x. What is the units digit of q?
7
Let o(y) = 2*y + 14. Let d be o(-6). Let a be 30 + 1 + 4 + -3. Suppose 0 = -4*j + d*j + a. What is the tens digit of j?
1
Suppose p + 78 = 79. What is the units digit of p?
1
Suppose 0*f - 111 = -3*f. What is the units digit of f?
7
Let l = 176 + -67. What is the tens digit of l?
0
Let l(c) be the third derivative of c**5/60 - 2*c**3/3 - 4*c**2. What is the units digit of l(-3)?
5
Suppose 5 + 51 = 4*r. What is the tens digit of r?
1
Let r(t) = -t**3 - 2*t**2 + t - 3. Let z be r(-3). Suppose -6*o - 4*i = -3*o - 68, -o = -3*i - 14. Suppose -c - o = -z*c. What is the units digit of c?
0
Let n be (-2 + (1 - 32))/(-1). What is the units digit of (1 - n/12)*-4?
7
Let r(q) = q + 11. Let j(o) = -o - 6. Let b(k) = -5*j(k) - 3*r(k). Let t be b(4). Let i = -1 + t. What is the units digit of i?
4
Let j(m) = m**3 + 10*m**2 + 8*m - 2. What is the units digit of j(-6)?
4
Suppose -8 = -3*d + 3*l + 4, 16 = 2*d - 4*l. Let g(y) = y**3 - y**2 + 4. What is the units digit of g(d)?
4
What is the tens digit of 114/((-16)/(-20) - (-3)/15)?
1
Let u(z) = 2*z**2 - 9*z + 6. Let m be u(4). Suppose 3*i = -m*f - i + 84, -5*f + 246 = i. What is the tens digit of f?
5
Let f = 7 - 12. Let p(i) = -2*i - 6. What is the units digit of p(f)?
4
Suppose -f + 0*p = -3*p - 6, -5*p - 24 = 3*f. What is the units digit of 20/3 + (-1)/f?
7
Let m(y) = -3*y**3 - y**2 + 5*y - 6. Let h(f) = 5*f**3 + 3*f**2 - 10*f + 11. Let j(u) = -4*h(u) - 7*m(u). What is the units digit of j(4)?
2
Suppose -6 = l + g, 2*l - 5*g = l - 6. Let h = -5 - l. What is the units digit of h?
1
Let h = -4 + 7. Suppose -n - 3*l - 15 = -h*n, 3*n = l + 26. What is the units digit of n?
9
Suppose -8*r = -3*r + 10. What is the units digit of r/(-12) - 68/(-24)?
3
Suppose -5*b + 4*z = 212, 2*z = -4*b - z - 151. What is the units digit of b/16*36/(-10)?
9
Let g(y) = 19*y + 14. What is the units digit of g(8)?
6
Let b = -251 + 359. What is the tens digit of b?
0
Let n(i) = 5*i - 4. Let p be n(6). Suppose 5*q = p + 14. What is the units digit of q?
8
Suppose -4*g + 2*b + 82 = 0, -4*b + 9*b = -2*g + 11. Let n be (-8)/(3*3/g). What is the units digit of (9/(-4))/(3/n)?
2
Let h(r) = -9*r**3 - 1. Let w be h(-1). What is the tens digit of 1/2 - (-132)/w?
1
Let y be 2 + (64 - (-2 + 5)). Suppose -45 = -3*w + y. What is the tens digit of w?
3
Suppose -m + 4*m + 5*o - 14 = 0, m + 5*o - 8 = 0. Let s = -3 + m. Suppose 5*l = -3*c - 0*l + 18, 3*c + 3*l - 12 = s. What is the units digit of c?
1
Let m(y) = y**2 + 1. Let w be m(2). Suppose 0 = -2*n, -3*p + w*p - n - 18 = 0. Let u = -3 + p. What is the units digit of u?
6
Let q be 1 - -81 - (-7 - -11). Suppose -5*s + 3*s + q = 0. What is the units digit of s?
9
Let s be (-1)/(-2)*4*2. Suppose -2*x + 19 = -i, 3*i - 8 = -s*x + 35. Suppose n - x = -n. What is the units digit of n?
5
Let x(k) = -9*k**2 - k. Let r(l) = -l**3 + 5*l**2 - l + 6. Let q be r(5). Let z be x(q). What is the tens digit of (-26)/(-5)*(-25)/z?
1
Suppose 2*r = 3*a - 68, 10 = 2*a + 3*r - 18. Let l = 11 + -29. What is the units digit of (-12)/l + a/6?
4
Let z = -211 + 352. What is the hundreds digit of z?
1
Let q(t) = t**2 + 5*t + 3. Let f be q(-5). Suppose -1 = w - f*c + 4*c, -3 = 2*w + 3*c. Suppose o = w, -s + 8 = 4*o + 2. What is the units digit of s?
6
Suppose -6*d + 333 - 135 = 0. What is the tens digit of d?
3
Let q(w) = -3*w - 18. Let u(s) = 7*s + 37. Let c(n) = -5*q(n) - 2*u(n). Suppose -5*b - 4*o - 27 = 0, 5*b + 2 = o - 35. What is the units digit of c(b)?
9
What is the tens digit of (28/16 - -1)*4?
1
Suppose -174 = -2*a - a. What is the tens digit of a?
5
Suppose -3*l + 31 = -3*s + 4, -5 = -5*l - 3*s. Suppose -95 = -9*a + l*a. What is the units digit of a?
9
Let p(g) = 99*g**2 + 2*g + 1. What is the units digit of p(-1)?
8
Suppose -5*y = -3*z - y - 19, 0 = -y - 2. Let j be 0*(-3)/z - -12. Suppose -b - 2 = -j. What is the tens digit of b?
1
Suppose 4*a = -8, 2*a = 5*d - 4*d - 16. Let y be ((-33)/d + 2)*8. What is the units digit of 20/6 + y/(-9)?
4
Let l = 0 + 2. Let r(z) = 7 + 5*z**l + z**3 + z - 4*z - 2*z. What is the units digit of r(-6)?
1
Suppose -15 = 2*b - 0*b - 5*o, 3*b - 2*o + 17 = 0. Let k = -3 - b. What is the units digit of 1*(4 - (k - 0))?
2
What is the units digit of (-1)/((-1)/(8 + 4))?
2
Suppose -3*q - 211 = -2*n, 4*n + 0*n - 2*q - 410 = 0. Suppose -2*h - 2*b = -7*h + 179, 3*h = -2*b + n. What is the units digit of h?
5
Let n = 43 + 5. Suppose -3*o = o - n. What is the units digit of o?
2
Suppose -m = -4*w + 28, -m + 5*w = -3*m + 9. Let v = m + 9. What is the units digit of (2/v)/((-1)/(-4))?
8
Let i(g) = 8*g**3 - 4*g**2 + 5*g**2 - 2*g**3. Let o be i(1). Suppose 0 = 5*n - o - 13. What is the units digit of n?
4
Let s be ((-4)/(-10) + -1)*-5. Suppose 3*p + 2*w - 26 = 59, 0 = -s*p + 3*w + 75. What is the tens digit of p?
2
Let m(o) = -o**3 - 3*o**2 + 5*o + 3. Let w be m(-4). Let z be 6/w*2/(-4). Let s(y) = y**3 - y**2 - y. What is the units digit of s(z)?
5
Let j = 7 - 12. Let f = j - -9. What is the units digit of f?
4
Let p(d) = d**3 + 6*d**2 - 7*d + 2. Let r be p(-7). What is the units digit of r*(9/3 + -2)?
2
Let p(i) = i**2 + 6*i + 2. Let g be p(-6). Suppose g*d = 4*d - 10. What is the units digit of d?
5
Suppose 5*l + 2 = 12. Let h be 0 + -2 + 0 + l. Suppose 2*c - 2 = -4*y - 10, -5*c - 3*y + 8 = h. What is the units digit of c?
4
Suppose -7*y = -11*y + 236. What is the units digit of y?
9
Let p(y) = y**3 + 7*y**2 - 9*y + 1. Let u = -3 + -5. Let f be p(u). What is the units digit of f*(-1 - (-5)/3)?
6
Let v = -5 - -8. Suppose d = -v*d - 32. Let q = -2 - d. What is the units digit of q?
6
Suppose 3*v - 10 = 11. Let x = v + -5. Suppose 2*n + 2*z - 4 = 0, -n - 4*n + 13 = x*z. What is the units digit of n?
3
Let x(h) = 22*h**3 - h**2 - h + 1. Let t be x(1). What is the units digit of 7/t - (-11)/3?
4
Suppose 0 = 5*v - 5*q - 1990, v - 407 = 4*q - 0*q. What is the units digit of v?
5
Let o be (-1 + 4)/((-5)/30). Let x = o + 31. Suppose x - 43 = -3*i. What is the units digit of i?
0
Let p be 3/((-9)/(-12) + 0). Suppose p*z = -o + 28 + 9, 2*o - 4 = -z. What is the units digit of z?
0
Let j = 310 + -183. What is the units digit of j?
7
Suppose 5*h - 115 = -3*x, -3*h - x = -h - 45. Suppose -z + h = -0*z. What is the units digit of z?
0
Suppose 0 = 5*s + c - 16, -2*s = 2*c - 0*c - 8. Suppose 0 = 5*r + x - 131, -s*r - 6*x + 82 = -2*x. What is the tens digit of r?
2
Suppose 176 = -2*k + 4*y + 490, 2*k + 3*y = 307. What is the tens digit of k?
5
Let h = -16 - -18. What is the units digit of h?
2
Let g(u) be the first derivative of -u**2/2 + 2*u + 3. What is the units digit of g(-5)?
7
Let i(b) = -b**3 + 10*b**2 - 4*b - 13. What is the tens digit of i(8)?
8
Let d be 4 + (-1)/(0 + 1). Let k = d + 10. What is the units digit of 6/8*(-1 + k)?
9
Let z(k) = -4*k - 3. Let u be z(-2). Let m be 2/u + 912/20. Suppose m - 1 = 5*l. What is the units digit of l?
9
Let y be (27/(-45))/(1/(-5)). Suppose y*p + 7 = 2*f, 4*f - 4*p - 29 = -p. What is the tens digit of f?
1
Suppose z = -z + 4*p + 102, -4*z = -4*p - 184. What is the tens digit of z?
4
Let o = 4 + -12. Let j = 49 + o. What is the units digit of j?
1
Suppose -4*q + 3*o - o = -138, 5*o = -4*q + 103. What is the units digit of q?
2
Suppose 0 = j + 3*q - 7, -5*j - 9 = -3*q - 98. Suppose -3*l + j = -41. What is the tens digit of l?
1
Let n = -10 - -12. Suppose 0 = -p - 2*c + 4, n*p = 4*p + 3*c - 8. What is the units digit of p?
4
Suppose 0 = -3*t - 0*t. Let w = 5 + t. Suppose 3*j - w = 19. What is the units digit of j?
8
Suppose 0*k - 3*k = -2*t - 8, 5*t = 3*k - 2. Suppose k*i = z - 54, -i - 4*i - 25 = 0. Let y = z - 23. What is the units digit of y?
1
Let g(h) = -6*h + 1 + 15*h**2 - 14*h**2 + 7. What is the tens digit of g(8)?
2
Let s be (2 + (-9)/6)*0. Suppose s = 3*q - 4*q. Let h(n) = n**2 + 14. What is the tens digit of h(q)?
1
Let v = -